
2aa45 (base 14) to base 6
2140033
Convert b36c61 (base 16) to base 6.
1100010213
What is -222405 (base 9) in base 4?
-200132033
Convert 13022403103 (base 5) to base 13.
3381259
105260116 (base 8) to base 7
310340311
What is -5ab7ec (base 16) in base 5?
-3010222244
Convert 3061547 (base 8) to base 13.
225703
What is -16512370 (base 8) in base 5?
-1440323344
55c93 (base 14) to base 16
32d99
976ba (base 16) to base 8
2273272
Convert 2874723 (base 10) to base 2.
1010111101110101100011
What is -cc7b8 (base 13) in base 15?
-74b55
-2640260 (base 7) to base 10
-345884
Convert 20c56 (base 14) to base 12.
39a50
What is -103661226 (base 7) in base 4?
-113301311301
What is -2229492 (base 10) in base 9?
-4167253
Convert -4d3b52 (base 14) to base 8.
-12115454
Convert 89997 (base 10) to base 13.
31c6b
-1d5bc1 (base 14) to base 6
-34324141
-1211210000 (base 3) to base 11
-2529a
What is -79ca30 (base 14) in base 6?
-224503510
What is -2321133322 (base 4) in base 16?
-b97fa
-1464663 (base 14) to base 3
-200200011120112
Convert 1000011111111100101 (base 2) to base 11.
180273
Convert -20260045 (base 7) to base 15.
-2373e4
What is 82045 (base 10) in base 15?
1949a
What is 1504585 (base 9) in base 16?
caa84
What is 27208771 (base 9) in base 3?
221020022212101
Convert -11300431 (base 6) to base 3.
-122210020001
Convert -475306 (base 8) to base 7.
-1244524
What is 81ad2c (base 14) in base 8?
20531134
7156734 (base 8) to base 15
275804
What is -15605a (base 11) in base 16?
-3b283
-2706505 (base 10) to base 3
-12002111121221
1101110100101101 (base 2) to base 10
56621
Convert 421357a (base 11) to base 9.
14870758
Convert 20200320 (base 5) to base 15.
33290
-42632140 (base 7) to base 10
-3638278
What is -10110000110011010111 (base 2) in base 15?
-e488d
What is -113530503 (base 7) in base 12?
-2431a89
What is 2322793 (base 10) in base 11?
1347170
What is -37911 (base 11) in base 2?
-1101010001000101
Convert -863958 (base 13) to base 8.
-14010107
What is 380c3a (base 15) in base 8?
12175670
39866 (base 15) to base 6
3540310
6256e3 (base 15) to base 11
2704113
Convert 1413416 (base 7) to base 15.
3accb
Convert -2ca72 (base 13) to base 12.
-41419
Convert 25177436 (base 8) to base 16.
54ff1e
What is -1012021022212 (base 3) in base 12?
-267712
73823 (base 16) to base 5
110114443
What is 371817 (base 9) in base 2?
110110110011010011
-2c1f0 (base 16) to base 4
-230013300
1200012101000 (base 3) to base 4
3121030302
Convert 110126146 (base 7) to base 3.
110102221002101
What is -5034205 (base 6) in base 8?
-721035
-3216308 (base 12) to base 9
-18758838
-2ca659 (base 13) to base 15
-16d61b
What is 2220315 (base 6) in base 13?
3ba29
Convert -189c08 (base 14) to base 13.
-246ccc
What is -5030819 (base 10) in base 15?
-69592e
Convert -184da5 (base 14) to base 6.
-30224005
Convert -32103122202 (base 4) to base 5.
-1424441123
Convert 474ab0 (base 14) to base 16.
252112
Convert 167532 (base 8) to base 4.
32331122
What is -111011101110000011 (base 2) in base 3?
-110102112200
-891847 (base 11) to base 7
-15043211
20104215 (base 6) to base 5
121143340
-30422165 (base 7) to base 12
-a27a95
What is -2311220311 (base 4) in base 6?
-23540221
Convert 25a00 (base 16) to base 12.
75228
-4211136 (base 7) to base 10
-507030
-1b9209 (base 12) to base 14
-cb825
Convert -370e2 (base 16) to base 6.
-4500002
-179002 (base 13) to base 10
-590995
145087 (base 11) to base 6
4503553
Convert 1200122200222 (base 3) to base 6.
31132212
What is 11005354 (base 6) in base 7?
2533504
Convert 3488640 (base 9) to base 4.
13031101101
Convert -137925 (base 10) to base 12.
-67999
Convert 5145331 (base 6) to base 14.
6626b
11b22e (base 15) to base 4
3032330003
344605 (base 9) to base 13
73187
What is 1a509 (base 12) in base 6?
455213
Convert 70bcb7 (base 14) to base 4.
32133013121
2420545 (base 8) to base 10
663909
-1614042 (base 7) to base 2
-110110010001010110
369458 (base 10) to base 8
1321462
What is 6711042 (base 8) in base 6?
102421110
Convert 8c014 (base 14) to base 13.
bbb5c
Convert 1312202 (base 6) to base 7.
416201
-1e279 (base 15) to base 13
-35a63
-3382170 (base 9) to base 11
-1037630
4783388 (base 10) to base 7
55441511
What is 258620 (base 10) in base 8?
771074
What is bbd780 (base 16) in base 2?
101110111101011110000000
Convert -30968 (base 13) to base 14.
-23b50
-1813a3 (base 15) to base 6
-41014030
Convert -101101001001010011 (base 2) to base 8.
-551123
What is 20111211221 (base 3) in base 11?
88350
Convert 42245411 (base 6) to base 12.
4b6867
Convert -302564140 (base 7) to base 14.
-24acac7
8454a (base 12) to base 15
3666d
Convert 101111001011110001 (base 2) to base 10.
193265
What is 220546 (base 8) in base 9?
122557
Convert 12121222022 (base 3) to base 5.
12021124
1001001110001000010001 (base 2) to base 10
2417169
1011425 (base 6) to base 11
33346
Convert 14704 (base 16) to base 10.
83716
Convert -22428c (base 13) to base 11.
-50285a
Convert -2037820 (base 9) to base 16.
-109b4e
Convert 465324 (base 9) to base 11.
180a76
Convert 8603267 (base 9) to base 11.
2668262
323443 (base 7) to base 4
31302133
-110102121121102 (base 3) to base 16
-64cc58
196dcc (base 16) to base 13
4646cc
Convert -21211222121111 (base 3) to base 15.
-576477
Convert 12224272 (base 9) to base 10.
5980214
-110100100101110111110111 (base 2) to base 15
-1324dca
Convert -62bdd8 (base 14) to base 10.
-3336698
Convert -263234 (base 7) to base 8.
-140024
-157aa7 (base 11) to base 9
-412841
What is 14200342 (base 7) in base 15?
1b36da
What is -35215523 (base 7) in base 3?
-12211100002202
-21002112221 (base 3) to base 13
-4b739
Convert 31043322 (base 5) to base 12.
102482
-123105020 (base 7) to base 15
-a3b2b5
Convert 2612622 (base 7) to base 14.
8ba49
What is -1820c (base 16) in base 5?
-11130303
What is 4b040 (base 13) in base 12?
68167
231d6b (base 14) to base 7
13111464
What is -255b7a0 (base 12) in base 15?
-99ebe9
-770504 (base 9) to base 6
-13504051
-a0a61a (base 11) to base 8
-6144767
Convert 120122122220 (base 3) to base 4.
1023032121
Convert 430447 (base 8) to base 2.
100011000100100111
Convert -102033243 (base 5) to base 10.
-424198
Convert -10011001010001 (base 2) to base 15.
-2d8e
1302011003 (base 4) to base 9
781865
What is -1702901 (base 10) in base 13?
-478145
8a1962 (base 14) to base 11
2714750
Convert -221204132 (base 5) to base 3.
-1210202202111
-547159 (base 13) to base 16
-1e4f1b
What is 10021011221 (base 3) in base 12?
31251
486b (base 14) to base 12
7393
Convert -1645605 (base 7) to base 2.
-111000001011011101
16785 (base 15) to base 14
1c63d
Convert 463dd (base 14) to base 12.
82aa7
Convert 27332b7 (base 12) to base 2.
11101101011110011101011
-263707 (base 12) to base 3
-1011220211121
2139d0d (base 14) to base 11
8980277
What is 7448 (base 15) in base 8?
60021
114894 (base 13) to base 2
1100100001000000011
Convert 233c48 (base 13) to base 3.
1120112002002
Convert -11300402 (base 5) to base 4.
-121030323
Convert 26967 (base 14) to base 11.
65541
-10020021 (base 5) to base 7
-450306
Convert 184819 (base 15) to base 4.
10200000303
Convert -255a69 (base 15) to base 9.
-3328830
Convert 2002122221212 (base 3) to base 15.
17070e
What is -16366352 (base 8) in base 14?
-70b654
What is 42414 (base 8) in base 5?
1031201
What is a046f (base 16) in base 11?
409264
Convert 10011001110111110111011 (base 2) to base 6.
300023031
Convert -1012424431 (base 5) to base 2.
-111111011000011000010
What is -32102223012 (base 4) in base 13?
-a12386
Convert 423544002 (base 6) to base 7.
120302462
What is 320a72 (base 14) in base 13?
4733cb
What is 1524868 (base 10) in base 7?
15650452
Convert 13243251 (base 6) to base 13.
125ba2
161604 (base 8) to base 16
e384
What is 135425 (base 9) in base 11?
57174
5e118d (base 16) to base 15
81b96c
What is 31121102 (base 4) in base 15?
113cb
What is -c25c (base 16) in base 15?
-eb21
-101501132 (base 6) to base 10
-1765424
Convert -18f18f (base 16) to base 11.
-a171a4
What is 109a7c (base 14) in base 5?
121031330
Convert -642b (base 12) to base 15.
-33be
12b45 (base 13) to base 5
2103441
What is 210002220102 (base 3) in base 4?
1211123210
Convert b8a (base 16) to base 11.
2246
What is -d631d (base 14) in base 9?
-866434
What is 101212201 (base 4) in base 10?
72097
Convert -132121022331 (base 4) to bas